3. Let l(i) = -2 + 2*i + 2 - k*i**3 - 6*i**2 + 4*i. What is the units digit of l(-5)?
0
Suppose -199*v + 520377 + 505433 = -3152991. What is the tens digit of v?
9
Suppose -5*c + 20 = 5*c. Suppose -x - 7*n = -9*n - 611, -4*x - c*n + 2464 = 0. What is the units digit of x?
5
Let b(f) = -f**3 + 15*f**2 + 37*f - 6. Let n be b(14). What is the units digit of -84 + 88 + 1*n?
2
Let y = -1079 + 1954. Suppose 6*i = 13*i - y. What is the units digit of i?
5
Let d = -8 + 15. Suppose d = -0*m + m + 2*z, -4*m - 3*z = -33. Suppose m*n - 151 = 506. What is the tens digit of n?
7
Let m be 189/(-42)*(-8)/6 - -19467. Suppose 19*b = 3973 + m. What is the hundreds digit of b?
2
Let q = 828 + 149. Let g = -668 + q. What is the units digit of g?
9
Let o be 16/(-4)*(20/4 + -6). Let f = -338 + 654. Suppose 0 = 4*b + y - f, 5*b - y - o*y = 420. What is the tens digit of b?
8
Let q be 18186/35 + 4/(-20)*3. Suppose q = -4*p + 1003. What is the tens digit of p?
2
Let o(z) be the first derivative of z**3 - 49*z**2/2 + 87*z + 26. What is the units digit of o(20)?
7
What is the ten thousands digit of 33433 + -18 + 24 + -16?
3
Let m(h) = 18*h**3 + h**2 + 3*h. Let q be m(2). Let a = q + -61. Suppose -2*o + 281 - a = 0. What is the tens digit of o?
9
Suppose 0 = 3*p + 2*y - 23, 0 = 3*p - 5*y + 2 - 18. What is the units digit of (p - (-64)/(-8))*-461?
1
Suppose -5*t = -4*c + 3136, 8*c + 2*t - 2375 = 5*c. What is the tens digit of c?
8
What is the thousands digit of (9230/39)/(2/66) - (12 + -7)?
7
Suppose -j = 5, -13*i - 4*j - 13786 = -15*i. What is the thousands digit of i?
6
Let j(g) be the second derivative of 8*g**3 - 5*g**2/2 - 13*g. Let c be j(-2). Let y = c + 203. What is the hundreds digit of y?
1
Let l(p) = -2*p**3 + 34*p**2 + 18*p - 10. Let d = 374 + -358. What is the hundreds digit of l(d)?
7
Let v(f) = -250*f - 18. Let q be v(-2). Let s = q - 445. What is the units digit of s?
7
Suppose 0 = -2*o + 4*o - 3*w - 37, -o = -3*w - 14. Let j(q) = -2*q + 52. What is the units digit of j(o)?
6
Suppose -15*z + 10790 = -2*z. Suppose z = 7*h - 633. What is the hundreds digit of h?
2
Let g be 2/35*5*7. Let k be (3/(-6))/(g/(-20)). Suppose -j = -v - 22, -2*v + 119 = k*j + 30. What is the tens digit of j?
1
Let n be 8/4 + -8*2. Let t(u) = -21*u - 119. What is the hundreds digit of t(n)?
1
Let q = -2814 + 4275. What is the tens digit of q?
6
Let i(q) = 11*q - 43. Let c(j) = 10*j - 42. Let r(y) = -4*c(y) + 5*i(y). What is the hundreds digit of r(15)?
1
Let d = -5244 - -6660. What is the tens digit of d?
1
Let u(w) = 9*w**2 - 89*w - 724. What is the hundreds digit of u(-56)?
4
Let s(f) = -105*f**2 - f - 2. Let z(r) = -2*r**2 - 6*r + 7. Let g be z(-4). Let p be s(g). Let q = p - -178. What is the units digit of q?
2
Let h = 5438 - 5633. Suppose -523 = -2*s + 253. Let j = s + h. What is the hundreds digit of j?
1
Let m(h) = -h**3 - 39*h**2 + 6*h - 87. Let v be m(-38). Let n = -813 - v. What is the units digit of n?
6
Let b(f) = -f**2 - 4*f + 2. Let s be b(0). Let x(o) = -7*o**s - 20*o + 19*o - 5*o**2 + 1 + 1 + 2*o**3. What is the units digit of x(7)?
3
Let l(k) = 26*k + 63. Let p be l(23). Suppose -666*r = -p*r - 650. What is the tens digit of r?
3
Suppose 5*j - 39089 = 3*m, -6*j + 10*m = 5*m - 46897. What is the thousands digit of j?
7
What is the tens digit of ((-3)/9)/((-60)/562860)?
2
Let v = -715 + 709. What is the tens digit of (28294/(-129))/(2/v)?
5
Let n(i) = 6*i**3 - 15*i**2 + 15*i + 8. Let a be n(11). Suppose 25*z + a = 33*z. What is the units digit of z?
3
Let l(r) = -r**3 + 64*r**2 + 52*r - 1023. What is the tens digit of l(44)?
8
Let f(j) = j**2 + 6*j - 22. Let x be f(-9). Suppose x*l + 12 + 2 = -s, 4*s + 125 = 3*l. Let b = 145 + s. What is the hundreds digit of b?
1
Let l(r) = 8 + 13*r**2 + 15 + 18*r + 13 - 14. What is the hundreds digit of l(-5)?
2
Let p be ((-6)/8)/((-5)/18960). Suppose -d = -10*d - p. What is the tens digit of (-2 - 6/(-4))/(2/d)?
7
What is the hundreds digit of (-18 - (-112)/16)/((-4)/13904*2)?
1
Let o = -7902 - -3754. What is the units digit of (o/(-4))/((-9)/(-9))?
7
Suppose 4*c = 6*c - 10. Suppose -7 = 2*l - 3, c*t + 2*l - 11 = 0. Suppose -5*y + 64 = 4*k - y, 65 = 4*k + t*y. What is the tens digit of k?
1
What is the hundreds digit of ((-159535)/20)/(8*(-3)/96)?
9
Suppose 20 = p - 0*p + 4*d, p = 2*d - 4. What is the tens digit of 97/2 + p/(-56)*-7?
4
Suppose 128449 = 5*z - 3*h, -60*z + 62*z - 51354 = -2*h. What is the ten thousands digit of z?
2
Suppose 4*h - 62295 = -3*d + 183984, -d = -5*h + 307863. What is the thousands digit of h?
1
Let v(f) = 42010*f**2 - 22*f - 20. What is the ten thousands digit of v(-1)?
4
Let z(u) = 3*u + 19 + u + u**2 - 50 - 2*u. What is the hundreds digit of z(19)?
3
Let h(y) = -13*y**3 - 17*y**2 - y - 8. Let i(d) = 2 + 3*d**3 + 0 + 12*d**2 - 8*d**2. Let r(a) = -2*h(a) - 9*i(a). What is the units digit of r(-3)?
1
Suppose -2*u - 5*i = -11, 1 + 0 = -u + 4*i. Let v be 133/38 + (-2)/4. Suppose u*g + v = 66. What is the units digit of g?
1
Suppose 6*l + 52*l = 131422 + 61544. What is the units digit of l?
7
Suppose 0 = 8*r - 3 + 19. Let c be ((-72)/20)/(r/(-5)). Let z = c - -47. What is the tens digit of z?
3
Let a = 2 + -2. Let o be 4 + 1 + (-1232)/(-32)*(-12)/(-33). Suppose a = o*v - 1407 - 1823. What is the tens digit of v?
7
Suppose 26*l + 118752 = 405740. What is the ten thousands digit of l?
1
Let l(y) = 8*y - 11. Let v = 512 + -499. What is the tens digit of l(v)?
9
Suppose -52*z = -47*z - 5*g - 247785, 2*z = 7*g + 99089. What is the units digit of z?
2
Let y = -484 + 482. Let k(n) = -48*n**3 + 3*n**2 - 6*n - 14. What is the hundreds digit of k(y)?
3
Let g(l) = -3*l**2 - 4*l - 11. Let i(n) = -3*n**2 - 4*n - 11. Let v(o) = -5*g(o) + 6*i(o). Let r be v(-2). What is the hundreds digit of 20/r*1*-75?
1
Let j = 57115 - 14004. What is the hundreds digit of j?
1
Let l = -50 - -58. Suppose j + 17 = v, l = 4*v + 4*j - 44. Suppose -q = v - 111. What is the tens digit of q?
9
Suppose -h + 12 = -2*i + 2, -3*h + 26 = -5*i. Suppose 516 = 3*j + 4*s, -h*s + 5*s = 5*j - 889. Suppose 2*u = 3*u - j. What is the tens digit of u?
7
Let m(l) = -105*l + 2. Let s be m(3). Let p = 33 - s. What is the hundreds digit of p?
3
Let v = 31164 + 8868. What is the hundreds digit of v?
0
Let t(x) = 65*x**2 - 6*x + 11. Let f be -1*2 - ((-160)/(-4))/(-10). What is the units digit of t(f)?
9
Suppose 2*i + 1780 = -3*j, -j + i - 1175 = j. Let b = j + 993. What is the tens digit of b?
0
What is the tens digit of ((-444)/9)/((2 + 0)/(-192))?
3
Let b(c) = -131*c - 180. Let s be b(-8). What is the hundreds digit of s + -7 + -5 + 5*1?
8
Suppose -26 = 2*y - 15*y. Let j(u) = -5 - 21*u - 6*u**y + u**2 + u**2 + 3*u**2. What is the hundreds digit of j(-9)?
1
Suppose -2*x = -5*y - 36777, 0 = -5*x - 111*y + 115*y + 91968. What is the units digit of x?
6
Suppose 4*j - 6*y = -y - 1, -3*y - 21 = 3*j. Suppose 10*a = -3*a + 299. Let d = a + j. What is the units digit of d?
9
What is the units digit of ((7 + -4)/(-3))/((-2 - 3)/30430)?
6
Let w = 217 + -207. What is the hundreds digit of (7348/(-33))/(w/(-15))?
3
Let t(i) = 1105*i**2 + 11*i - 23. What is the tens digit of t(4)?
0
Let k be 4/18 - (-688)/144. Suppose k*j - 5 = 5*i, -3*j + 2*j = 4*i - 11. Suppose -i*t = -0*t - 170. What is the tens digit of t?
8
Suppose -1441*r - 68353 = -1425*r - 237985. What is the units digit of r?
2
Let b(g) = 2*g**2 - g - 13. Let y be b(-6). Let t be (-19 - -21)*(-122)/(-4). Suppose 0 = y*c - t*c - 288. What is the units digit of c?
2
Suppose 4*g - 3*g - 12 = 0. Let v be (-3)/g - 49/(-4). Let j(a) = 7*a - 24. What is the tens digit of j(v)?
6
Suppose -2602907 = -291*l - 263558. What is the hundreds digit of l?
0
Suppose 3*x = -p + 36944, 4*x + 8*p - 49237 = 11*p. What is the hundreds digit of x?
3
Let t = -20 - -23. Suppose t*y = -2*y + 15. What is the units digit of (47/(-4))/(y/(-12))?
7
Suppose -48*v + 81 = -45*v. What is the units digit of (6 + v)/((-5)/(-45))?
7
What is the tens digit of (-12)/(-75)*40*22460/4 + 2?
3
Let p be -42*(-7 + (-1 + -1 - -6)). Let a = p + -126. Suppose -33 = -5*c + 3*x + 158, 2*c - 5*x - 65 = a. What is the units digit of c?
0
Let j be (-17)/(-4) - (-4)/(-16). Let t(w) = 25*w**2 - 5*w + 1. What is the tens digit of t(j)?
8
Let x = 4018 + 3816. What is t